{"id":157,"date":"2024-11-20T09:51:29","date_gmt":"2024-11-20T08:51:29","guid":{"rendered":"https:\/\/www.gvtarra.com\/tienda\/?post_type=product&#038;p=157"},"modified":"2026-04-03T21:41:46","modified_gmt":"2026-04-03T19:41:46","slug":"cardo-6-unidades","status":"publish","type":"product","link":"https:\/\/www.gvtarra.com\/tienda\/product\/cardo\/cardo-6-unidades\/","title":{"rendered":"Cardo (6u)"},"content":{"rendered":"<h5>INGREDIENTES<\/h5>\n<p>Cardo, agua, sal y antioxidante: \u00e1cido asc\u00f3rbico.<\/p>\n<h5>INFORMACI\u00d3N NUTRICIONAL<\/h5>\n<table class=\"table table-sm mb-0\">\n<tbody>\n<tr>\n<td>Valor energ\u00e9tico<\/td>\n<td class=\"text-right\">45 kJ \/ 11 kcal<\/td>\n<\/tr>\n<tr>\n<td>Grasas<\/td>\n<td class=\"text-right\">0 g<\/td>\n<\/tr>\n<tr>\n<td>de las cuales saturadas<\/td>\n<td class=\"text-right\">0 g<\/td>\n<\/tr>\n<tr>\n<td>Hidratos de carbono<\/td>\n<td class=\"text-right\">2,1 g<\/td>\n<\/tr>\n<tr>\n<td>de los cuales az\u00facares<\/td>\n<td class=\"text-right\">0 g<\/td>\n<\/tr>\n<tr>\n<td>Fibra alimentaria<\/td>\n<td class=\"text-right\">1,1 g<\/td>\n<\/tr>\n<tr>\n<td>Prote\u00ednas<\/td>\n<td class=\"text-right\">0 g<\/td>\n<\/tr>\n<tr>\n<td>Sal<\/td>\n<td class=\"text-right\">0,70 g<\/td>\n<\/tr>\n<\/tbody>\n<\/table>\n<p><small>Valores nutricionales por 100g de producto<\/small><\/p>\n<h5>PESO<\/h5>\n<p>Peso neto (gr): 3.960<\/p>\n<p>Peso escurrido (gr): 2.400<\/p>\n","protected":false},"excerpt":{"rendered":"<p>La verdura m\u00e1s ic\u00f3nica de Gvtarra no pod\u00eda faltar en nuestra tienda, con su incomparable textura y sabor que la hace \u00fanica. La recolectamos en los meses de noviembre a febrero, seleccionamos, limpiamos y troceamos para ofrecerte solo la parte m\u00e1s tierna.<\/p>\n<p><strong>PRODUCTOS INCLUIDOS (6 UNIDADES)<\/strong><\/p>\n<p><a href=\"https:\/\/www.gvtarra.com\/somos-la-tierra\/pasion-por-las-verduras\/cardo\/\">Cardo (6)<\/a><\/p>\n","protected":false},"featured_media":781,"comment_status":"open","ping_status":"closed","template":"","meta":{"_joinchat":[]},"product_brand":[],"product_cat":[22,37],"product_tag":[],"class_list":{"0":"post-157","1":"product","2":"type-product","3":"status-publish","4":"has-post-thumbnail","6":"product_cat-cardo","7":"product_cat-nuestros-clasicos","9":"first","10":"instock","11":"featured","12":"taxable","13":"shipping-taxable","14":"purchasable","15":"product-type-simple"},"yoast_head":"<!-- This site is optimized with the Yoast SEO Premium plugin v21.5 (Yoast SEO v27.2) - https:\/\/yoast.com\/product\/yoast-seo-premium-wordpress\/ -->\n<title>Cardo (6u) - Tienda Gvtarra<\/title>\n<meta name=\"robots\" content=\"index, follow, max-snippet:-1, max-image-preview:large, max-video-preview:-1\" \/>\n<link rel=\"canonical\" href=\"https:\/\/www.gvtarra.com\/tienda\/product\/cardo\/cardo-6-unidades\/\" \/>\n<meta property=\"og:locale\" content=\"es_ES\" \/>\n<meta property=\"og:type\" content=\"article\" \/>\n<meta property=\"og:title\" content=\"Cardo (6u)\" \/>\n<meta property=\"og:description\" content=\"La verdura m\u00e1s ic\u00f3nica de Gvtarra no pod\u00eda faltar en nuestra tienda, con su incomparable textura y sabor que la hace \u00fanica. La recolectamos en los meses de noviembre a febrero, seleccionamos, limpiamos y troceamos para ofrecerte solo la parte m\u00e1s tierna.  PRODUCTOS INCLUIDOS (6 UNIDADES)  Cardo (6)\" \/>\n<meta property=\"og:url\" content=\"https:\/\/www.gvtarra.com\/tienda\/product\/cardo\/cardo-6-unidades\/\" \/>\n<meta property=\"og:site_name\" content=\"Tienda Gvtarra\" \/>\n<meta property=\"article:modified_time\" content=\"2026-04-03T19:41:46+00:00\" \/>\n<meta property=\"og:image\" content=\"https:\/\/www.gvtarra.com\/tienda\/wp-content\/uploads\/2020\/10\/Cardo.jpg\" \/>\n\t<meta property=\"og:image:width\" content=\"800\" \/>\n\t<meta property=\"og:image:height\" content=\"533\" \/>\n\t<meta property=\"og:image:type\" content=\"image\/jpeg\" \/>\n<meta name=\"twitter:card\" content=\"summary_large_image\" \/>\n<meta name=\"twitter:label1\" content=\"Tiempo de lectura\" \/>\n\t<meta name=\"twitter:data1\" content=\"1 minuto\" \/>\n<script type=\"application\/ld+json\" class=\"yoast-schema-graph\">{\"@context\":\"https:\/\/schema.org\",\"@graph\":[{\"@type\":\"WebPage\",\"@id\":\"https:\/\/www.gvtarra.com\/tienda\/product\/cardo\/cardo-6-unidades\/\",\"url\":\"https:\/\/www.gvtarra.com\/tienda\/product\/cardo\/cardo-6-unidades\/\",\"name\":\"Cardo (6u) - Tienda Gvtarra\",\"isPartOf\":{\"@id\":\"https:\/\/www.gvtarra.com\/tienda\/#website\"},\"primaryImageOfPage\":{\"@id\":\"https:\/\/www.gvtarra.com\/tienda\/product\/cardo\/cardo-6-unidades\/#primaryimage\"},\"image\":{\"@id\":\"https:\/\/www.gvtarra.com\/tienda\/product\/cardo\/cardo-6-unidades\/#primaryimage\"},\"thumbnailUrl\":\"https:\/\/www.gvtarra.com\/tienda\/wp-content\/uploads\/2020\/10\/Cardo.jpg\",\"datePublished\":\"2024-11-20T08:51:29+00:00\",\"dateModified\":\"2026-04-03T19:41:46+00:00\",\"breadcrumb\":{\"@id\":\"https:\/\/www.gvtarra.com\/tienda\/product\/cardo\/cardo-6-unidades\/#breadcrumb\"},\"inLanguage\":\"es\",\"potentialAction\":[{\"@type\":\"ReadAction\",\"target\":[\"https:\/\/www.gvtarra.com\/tienda\/product\/cardo\/cardo-6-unidades\/\"]}]},{\"@type\":\"ImageObject\",\"inLanguage\":\"es\",\"@id\":\"https:\/\/www.gvtarra.com\/tienda\/product\/cardo\/cardo-6-unidades\/#primaryimage\",\"url\":\"https:\/\/www.gvtarra.com\/tienda\/wp-content\/uploads\/2020\/10\/Cardo.jpg\",\"contentUrl\":\"https:\/\/www.gvtarra.com\/tienda\/wp-content\/uploads\/2020\/10\/Cardo.jpg\",\"width\":800,\"height\":533},{\"@type\":\"BreadcrumbList\",\"@id\":\"https:\/\/www.gvtarra.com\/tienda\/product\/cardo\/cardo-6-unidades\/#breadcrumb\",\"itemListElement\":[{\"@type\":\"ListItem\",\"position\":1,\"name\":\"Portada\",\"item\":\"https:\/\/www.gvtarra.com\/tienda\/\"},{\"@type\":\"ListItem\",\"position\":2,\"name\":\"Tienda\",\"item\":\"https:\/\/www.gvtarra.com\/tienda\/comprar\/\"},{\"@type\":\"ListItem\",\"position\":3,\"name\":\"Cardo (6u)\"}]},{\"@type\":\"WebSite\",\"@id\":\"https:\/\/www.gvtarra.com\/tienda\/#website\",\"url\":\"https:\/\/www.gvtarra.com\/tienda\/\",\"name\":\"Tienda Gvtarra\",\"description\":\"\",\"publisher\":{\"@id\":\"https:\/\/www.gvtarra.com\/tienda\/#organization\"},\"potentialAction\":[{\"@type\":\"SearchAction\",\"target\":{\"@type\":\"EntryPoint\",\"urlTemplate\":\"https:\/\/www.gvtarra.com\/tienda\/?s={search_term_string}\"},\"query-input\":{\"@type\":\"PropertyValueSpecification\",\"valueRequired\":true,\"valueName\":\"search_term_string\"}}],\"inLanguage\":\"es\"},{\"@type\":\"Organization\",\"@id\":\"https:\/\/www.gvtarra.com\/tienda\/#organization\",\"name\":\"Tienda Gvtarra\",\"url\":\"https:\/\/www.gvtarra.com\/tienda\/\",\"logo\":{\"@type\":\"ImageObject\",\"inLanguage\":\"es\",\"@id\":\"https:\/\/www.gvtarra.com\/tienda\/#\/schema\/logo\/image\/\",\"url\":\"https:\/\/www.gvtarra.com\/tienda\/wp-content\/uploads\/2023\/12\/cropped-Logo-Gvtarra-2017-min-scaled.png\",\"contentUrl\":\"https:\/\/www.gvtarra.com\/tienda\/wp-content\/uploads\/2023\/12\/cropped-Logo-Gvtarra-2017-min-scaled.png\",\"width\":2560,\"height\":1315,\"caption\":\"Tienda Gvtarra\"},\"image\":{\"@id\":\"https:\/\/www.gvtarra.com\/tienda\/#\/schema\/logo\/image\/\"}}]}<\/script>\n<!-- \/ Yoast SEO Premium plugin. -->","yoast_head_json":{"title":"Cardo (6u) - Tienda Gvtarra","robots":{"index":"index","follow":"follow","max-snippet":"max-snippet:-1","max-image-preview":"max-image-preview:large","max-video-preview":"max-video-preview:-1"},"canonical":"https:\/\/www.gvtarra.com\/tienda\/product\/cardo\/cardo-6-unidades\/","og_locale":"es_ES","og_type":"article","og_title":"Cardo (6u)","og_description":"La verdura m\u00e1s ic\u00f3nica de Gvtarra no pod\u00eda faltar en nuestra tienda, con su incomparable textura y sabor que la hace \u00fanica. La recolectamos en los meses de noviembre a febrero, seleccionamos, limpiamos y troceamos para ofrecerte solo la parte m\u00e1s tierna.  PRODUCTOS INCLUIDOS (6 UNIDADES)  Cardo (6)","og_url":"https:\/\/www.gvtarra.com\/tienda\/product\/cardo\/cardo-6-unidades\/","og_site_name":"Tienda Gvtarra","article_modified_time":"2026-04-03T19:41:46+00:00","og_image":[{"width":800,"height":533,"url":"https:\/\/www.gvtarra.com\/tienda\/wp-content\/uploads\/2020\/10\/Cardo.jpg","type":"image\/jpeg"}],"twitter_card":"summary_large_image","twitter_misc":{"Tiempo de lectura":"1 minuto"},"schema":{"@context":"https:\/\/schema.org","@graph":[{"@type":"WebPage","@id":"https:\/\/www.gvtarra.com\/tienda\/product\/cardo\/cardo-6-unidades\/","url":"https:\/\/www.gvtarra.com\/tienda\/product\/cardo\/cardo-6-unidades\/","name":"Cardo (6u) - Tienda Gvtarra","isPartOf":{"@id":"https:\/\/www.gvtarra.com\/tienda\/#website"},"primaryImageOfPage":{"@id":"https:\/\/www.gvtarra.com\/tienda\/product\/cardo\/cardo-6-unidades\/#primaryimage"},"image":{"@id":"https:\/\/www.gvtarra.com\/tienda\/product\/cardo\/cardo-6-unidades\/#primaryimage"},"thumbnailUrl":"https:\/\/www.gvtarra.com\/tienda\/wp-content\/uploads\/2020\/10\/Cardo.jpg","datePublished":"2024-11-20T08:51:29+00:00","dateModified":"2026-04-03T19:41:46+00:00","breadcrumb":{"@id":"https:\/\/www.gvtarra.com\/tienda\/product\/cardo\/cardo-6-unidades\/#breadcrumb"},"inLanguage":"es","potentialAction":[{"@type":"ReadAction","target":["https:\/\/www.gvtarra.com\/tienda\/product\/cardo\/cardo-6-unidades\/"]}]},{"@type":"ImageObject","inLanguage":"es","@id":"https:\/\/www.gvtarra.com\/tienda\/product\/cardo\/cardo-6-unidades\/#primaryimage","url":"https:\/\/www.gvtarra.com\/tienda\/wp-content\/uploads\/2020\/10\/Cardo.jpg","contentUrl":"https:\/\/www.gvtarra.com\/tienda\/wp-content\/uploads\/2020\/10\/Cardo.jpg","width":800,"height":533},{"@type":"BreadcrumbList","@id":"https:\/\/www.gvtarra.com\/tienda\/product\/cardo\/cardo-6-unidades\/#breadcrumb","itemListElement":[{"@type":"ListItem","position":1,"name":"Portada","item":"https:\/\/www.gvtarra.com\/tienda\/"},{"@type":"ListItem","position":2,"name":"Tienda","item":"https:\/\/www.gvtarra.com\/tienda\/comprar\/"},{"@type":"ListItem","position":3,"name":"Cardo (6u)"}]},{"@type":"WebSite","@id":"https:\/\/www.gvtarra.com\/tienda\/#website","url":"https:\/\/www.gvtarra.com\/tienda\/","name":"Tienda Gvtarra","description":"","publisher":{"@id":"https:\/\/www.gvtarra.com\/tienda\/#organization"},"potentialAction":[{"@type":"SearchAction","target":{"@type":"EntryPoint","urlTemplate":"https:\/\/www.gvtarra.com\/tienda\/?s={search_term_string}"},"query-input":{"@type":"PropertyValueSpecification","valueRequired":true,"valueName":"search_term_string"}}],"inLanguage":"es"},{"@type":"Organization","@id":"https:\/\/www.gvtarra.com\/tienda\/#organization","name":"Tienda Gvtarra","url":"https:\/\/www.gvtarra.com\/tienda\/","logo":{"@type":"ImageObject","inLanguage":"es","@id":"https:\/\/www.gvtarra.com\/tienda\/#\/schema\/logo\/image\/","url":"https:\/\/www.gvtarra.com\/tienda\/wp-content\/uploads\/2023\/12\/cropped-Logo-Gvtarra-2017-min-scaled.png","contentUrl":"https:\/\/www.gvtarra.com\/tienda\/wp-content\/uploads\/2023\/12\/cropped-Logo-Gvtarra-2017-min-scaled.png","width":2560,"height":1315,"caption":"Tienda Gvtarra"},"image":{"@id":"https:\/\/www.gvtarra.com\/tienda\/#\/schema\/logo\/image\/"}}]}},"_links":{"self":[{"href":"https:\/\/www.gvtarra.com\/tienda\/wp-json\/wp\/v2\/product\/157","targetHints":{"allow":["GET"]}}],"collection":[{"href":"https:\/\/www.gvtarra.com\/tienda\/wp-json\/wp\/v2\/product"}],"about":[{"href":"https:\/\/www.gvtarra.com\/tienda\/wp-json\/wp\/v2\/types\/product"}],"replies":[{"embeddable":true,"href":"https:\/\/www.gvtarra.com\/tienda\/wp-json\/wp\/v2\/comments?post=157"}],"version-history":[{"count":3,"href":"https:\/\/www.gvtarra.com\/tienda\/wp-json\/wp\/v2\/product\/157\/revisions"}],"predecessor-version":[{"id":17076,"href":"https:\/\/www.gvtarra.com\/tienda\/wp-json\/wp\/v2\/product\/157\/revisions\/17076"}],"wp:featuredmedia":[{"embeddable":true,"href":"https:\/\/www.gvtarra.com\/tienda\/wp-json\/wp\/v2\/media\/781"}],"wp:attachment":[{"href":"https:\/\/www.gvtarra.com\/tienda\/wp-json\/wp\/v2\/media?parent=157"}],"wp:term":[{"taxonomy":"product_brand","embeddable":true,"href":"https:\/\/www.gvtarra.com\/tienda\/wp-json\/wp\/v2\/product_brand?post=157"},{"taxonomy":"product_cat","embeddable":true,"href":"https:\/\/www.gvtarra.com\/tienda\/wp-json\/wp\/v2\/product_cat?post=157"},{"taxonomy":"product_tag","embeddable":true,"href":"https:\/\/www.gvtarra.com\/tienda\/wp-json\/wp\/v2\/product_tag?post=157"}],"curies":[{"name":"wp","href":"https:\/\/api.w.org\/{rel}","templated":true}]}}