{"id":2078,"date":"2024-11-18T11:40:40","date_gmt":"2024-11-18T10:40:40","guid":{"rendered":"https:\/\/www.gvtarra.com\/tienda\/?post_type=product&#038;p=2078"},"modified":"2026-05-07T13:14:27","modified_gmt":"2026-05-07T11:14:27","slug":"menestra-navarra","status":"publish","type":"product","link":"https:\/\/www.gvtarra.com\/tienda\/product\/nuestros-clasicos\/menestra-navarra\/","title":{"rendered":"Menestra Navarra (6u)"},"content":{"rendered":"\t\t<div data-elementor-type=\"product-post\" data-elementor-id=\"2078\" class=\"elementor elementor-2078\" data-elementor-post-type=\"product\">\n\t\t\t\t\t\t<section class=\"elementor-section elementor-top-section elementor-element elementor-element-7b260577 elementor-section-boxed elementor-section-height-default elementor-section-height-default\" data-id=\"7b260577\" data-element_type=\"section\" data-e-type=\"section\">\n\t\t\t\t\t\t<div class=\"elementor-container elementor-column-gap-default\">\n\t\t\t\t\t<div class=\"elementor-column elementor-col-100 elementor-top-column elementor-element elementor-element-1e97b266\" data-id=\"1e97b266\" data-element_type=\"column\" data-e-type=\"column\">\n\t\t\t<div class=\"elementor-widget-wrap elementor-element-populated\">\n\t\t\t\t\t\t<div class=\"elementor-element elementor-element-21ca6a4b elementor-widget elementor-widget-text-editor\" data-id=\"21ca6a4b\" data-element_type=\"widget\" data-e-type=\"widget\" data-widget_type=\"text-editor.default\">\n\t\t\t\t<div class=\"elementor-widget-container\">\n\t\t\t\t\t\t\t\t\t<h5><strong>INGREDIENTES<\/strong><\/h5><p>Alcachofas, espa\u0301rragos, guisantes, zanahorias, agua, sal y antioxidante: a\u0301cido asco\u0301rbico.<\/p><h5><strong>INFORMACI\u00d3N NUTRICIONAL<\/strong><\/h5><p>Valor energ\u00e9tico:\u00a098 kJ \/ 23 kcal<br \/>Grasas:\u00a00 g<br \/>Grasas saturadas:\u00a00 g<br \/>Hidratos de carbono:\u00a02,7 g<br \/>Hidratos de carbono de los cu\u00e1les az\u00facares:\u00a00 g<br \/>Fibra alimentaria:\u00a02,6 g<br \/>Prote\u00ednas:\u00a01,9 g<br \/>Sal:\u00a00,70 g<\/p><h5>PESO<\/h5><p>Peso neto (gr): 660<\/p><p>Peso escurrido (gr): 420<\/p>\t\t\t\t\t\t\t\t<\/div>\n\t\t\t\t<\/div>\n\t\t\t\t\t<\/div>\n\t\t<\/div>\n\t\t\t\t\t<\/div>\n\t\t<\/section>\n\t\t\t\t<\/div>\n\t\t","protected":false},"excerpt":{"rendered":"<p>La Menestra representa de una forma \u00fanica, lo mejor de la huerta de la Ribera Navarra. Esta compuesta de las verduras mas exquisitas y valoradas de la \u201ctemporada de invierno\u201d. Entre las que encontramos las tan conocidas alcachofas, variedad \u201cBlanca de Tudela, los esp\u00e1rragos, cultivados en toda Navarra que combinan a la perfecci\u00f3n con la dulzura de la zanahoria y la ternura de nuestros los guisantes. La Tienda Gvtarra lleva a tu casa toda la tradici\u00f3n hortofrut\u00edcola de la Ribera del Ebro en un solo plato, descubre nuestra regi\u00f3n con la Menestra Navarra Gvtarra.<\/p>\n<p><strong>PRODUCTO INCLUIDO (6 UNIDADES)<\/strong><\/p>\n<p><a href=\"https:\/\/www.gvtarra.com\/nuestros-productos\/seleccion-de-nuestra-huerta\/menestra-navarra\/\"> Menestra Navarra (6 unidades)<\/a><\/p>\n","protected":false},"featured_media":2070,"comment_status":"open","ping_status":"closed","template":"","meta":{"_joinchat":[]},"product_brand":[],"product_cat":[37],"product_tag":[53],"class_list":{"0":"post-2078","1":"product","2":"type-product","3":"status-publish","4":"has-post-thumbnail","6":"product_cat-nuestros-clasicos","7":"product_tag-promocion","9":"first","10":"instock","11":"featured","12":"taxable","13":"shipping-taxable","14":"purchasable","15":"product-type-simple"},"yoast_head":"<!-- This site is optimized with the Yoast SEO Premium plugin v21.5 (Yoast SEO v27.5) - https:\/\/yoast.com\/product\/yoast-seo-premium-wordpress\/ -->\n<title>Menestra Navarra (6u) - Tienda Gvtarra<\/title>\n<meta name=\"robots\" content=\"index, follow, max-snippet:-1, max-image-preview:large, max-video-preview:-1\" \/>\n<link rel=\"canonical\" href=\"https:\/\/www.gvtarra.com\/tienda\/product\/nuestros-clasicos\/menestra-navarra\/\" \/>\n<meta property=\"og:locale\" content=\"es_ES\" \/>\n<meta property=\"og:type\" content=\"article\" \/>\n<meta property=\"og:title\" content=\"Menestra Navarra (6u)\" \/>\n<meta property=\"og:description\" content=\"La Menestra representa de una forma \u00fanica, lo mejor de la huerta de la Ribera Navarra. Esta compuesta de las verduras mas exquisitas y valoradas de la \u201ctemporada de invierno\u201d. Entre las que encontramos las tan conocidas alcachofas, variedad \u201cBlanca de Tudela, los esp\u00e1rragos, cultivados en toda Navarra que combinan a la perfecci\u00f3n con la dulzura de la zanahoria y la ternura de nuestros los guisantes. La Tienda Gvtarra lleva a tu casa toda la tradici\u00f3n hortofrut\u00edcola de la Ribera del Ebro en un solo plato, descubre nuestra regi\u00f3n con la Menestra Navarra Gvtarra.  PRODUCTO INCLUIDO (6 UNIDADES)   Menestra Navarra (6 unidades)\" \/>\n<meta property=\"og:url\" content=\"https:\/\/www.gvtarra.com\/tienda\/product\/nuestros-clasicos\/menestra-navarra\/\" \/>\n<meta property=\"og:site_name\" content=\"Tienda Gvtarra\" \/>\n<meta property=\"article:modified_time\" content=\"2026-05-07T11:14:27+00:00\" \/>\n<meta property=\"og:image\" content=\"https:\/\/www.gvtarra.com\/tienda\/wp-content\/uploads\/2022\/01\/009Gvtarra_TiendaOnline_menestranavarra-scaled.jpg\" \/>\n\t<meta property=\"og:image:width\" content=\"2560\" \/>\n\t<meta property=\"og:image:height\" content=\"1707\" \/>\n\t<meta property=\"og:image:type\" content=\"image\/jpeg\" \/>\n<meta name=\"twitter:card\" content=\"summary_large_image\" \/>\n<meta name=\"twitter:label1\" content=\"Tiempo de lectura\" \/>\n\t<meta name=\"twitter:data1\" content=\"1 minuto\" \/>\n<script type=\"application\/ld+json\" class=\"yoast-schema-graph\">{\"@context\":\"https:\\\/\\\/schema.org\",\"@graph\":[{\"@type\":\"WebPage\",\"@id\":\"https:\\\/\\\/www.gvtarra.com\\\/tienda\\\/product\\\/nuestros-clasicos\\\/menestra-navarra\\\/\",\"url\":\"https:\\\/\\\/www.gvtarra.com\\\/tienda\\\/product\\\/nuestros-clasicos\\\/menestra-navarra\\\/\",\"name\":\"Menestra Navarra (6u) - Tienda Gvtarra\",\"isPartOf\":{\"@id\":\"https:\\\/\\\/www.gvtarra.com\\\/tienda\\\/#website\"},\"primaryImageOfPage\":{\"@id\":\"https:\\\/\\\/www.gvtarra.com\\\/tienda\\\/product\\\/nuestros-clasicos\\\/menestra-navarra\\\/#primaryimage\"},\"image\":{\"@id\":\"https:\\\/\\\/www.gvtarra.com\\\/tienda\\\/product\\\/nuestros-clasicos\\\/menestra-navarra\\\/#primaryimage\"},\"thumbnailUrl\":\"https:\\\/\\\/www.gvtarra.com\\\/tienda\\\/wp-content\\\/uploads\\\/2022\\\/01\\\/009Gvtarra_TiendaOnline_menestranavarra-scaled.jpg\",\"datePublished\":\"2024-11-18T10:40:40+00:00\",\"dateModified\":\"2026-05-07T11:14:27+00:00\",\"breadcrumb\":{\"@id\":\"https:\\\/\\\/www.gvtarra.com\\\/tienda\\\/product\\\/nuestros-clasicos\\\/menestra-navarra\\\/#breadcrumb\"},\"inLanguage\":\"es\",\"potentialAction\":[{\"@type\":\"ReadAction\",\"target\":[\"https:\\\/\\\/www.gvtarra.com\\\/tienda\\\/product\\\/nuestros-clasicos\\\/menestra-navarra\\\/\"]}]},{\"@type\":\"ImageObject\",\"inLanguage\":\"es\",\"@id\":\"https:\\\/\\\/www.gvtarra.com\\\/tienda\\\/product\\\/nuestros-clasicos\\\/menestra-navarra\\\/#primaryimage\",\"url\":\"https:\\\/\\\/www.gvtarra.com\\\/tienda\\\/wp-content\\\/uploads\\\/2022\\\/01\\\/009Gvtarra_TiendaOnline_menestranavarra-scaled.jpg\",\"contentUrl\":\"https:\\\/\\\/www.gvtarra.com\\\/tienda\\\/wp-content\\\/uploads\\\/2022\\\/01\\\/009Gvtarra_TiendaOnline_menestranavarra-scaled.jpg\",\"width\":2560,\"height\":1707},{\"@type\":\"BreadcrumbList\",\"@id\":\"https:\\\/\\\/www.gvtarra.com\\\/tienda\\\/product\\\/nuestros-clasicos\\\/menestra-navarra\\\/#breadcrumb\",\"itemListElement\":[{\"@type\":\"ListItem\",\"position\":1,\"name\":\"Portada\",\"item\":\"https:\\\/\\\/www.gvtarra.com\\\/tienda\\\/\"},{\"@type\":\"ListItem\",\"position\":2,\"name\":\"Tienda\",\"item\":\"https:\\\/\\\/www.gvtarra.com\\\/tienda\\\/comprar\\\/\"},{\"@type\":\"ListItem\",\"position\":3,\"name\":\"Menestra Navarra (6u)\"}]},{\"@type\":\"WebSite\",\"@id\":\"https:\\\/\\\/www.gvtarra.com\\\/tienda\\\/#website\",\"url\":\"https:\\\/\\\/www.gvtarra.com\\\/tienda\\\/\",\"name\":\"Tienda Gvtarra\",\"description\":\"\",\"publisher\":{\"@id\":\"https:\\\/\\\/www.gvtarra.com\\\/tienda\\\/#organization\"},\"potentialAction\":[{\"@type\":\"SearchAction\",\"target\":{\"@type\":\"EntryPoint\",\"urlTemplate\":\"https:\\\/\\\/www.gvtarra.com\\\/tienda\\\/?s={search_term_string}\"},\"query-input\":{\"@type\":\"PropertyValueSpecification\",\"valueRequired\":true,\"valueName\":\"search_term_string\"}}],\"inLanguage\":\"es\"},{\"@type\":\"Organization\",\"@id\":\"https:\\\/\\\/www.gvtarra.com\\\/tienda\\\/#organization\",\"name\":\"Tienda Gvtarra\",\"url\":\"https:\\\/\\\/www.gvtarra.com\\\/tienda\\\/\",\"logo\":{\"@type\":\"ImageObject\",\"inLanguage\":\"es\",\"@id\":\"https:\\\/\\\/www.gvtarra.com\\\/tienda\\\/#\\\/schema\\\/logo\\\/image\\\/\",\"url\":\"https:\\\/\\\/www.gvtarra.com\\\/tienda\\\/wp-content\\\/uploads\\\/2023\\\/12\\\/cropped-Logo-Gvtarra-2017-min-scaled.png\",\"contentUrl\":\"https:\\\/\\\/www.gvtarra.com\\\/tienda\\\/wp-content\\\/uploads\\\/2023\\\/12\\\/cropped-Logo-Gvtarra-2017-min-scaled.png\",\"width\":2560,\"height\":1315,\"caption\":\"Tienda Gvtarra\"},\"image\":{\"@id\":\"https:\\\/\\\/www.gvtarra.com\\\/tienda\\\/#\\\/schema\\\/logo\\\/image\\\/\"}}]}<\/script>\n<!-- \/ Yoast SEO Premium plugin. -->","yoast_head_json":{"title":"Menestra Navarra (6u) - Tienda Gvtarra","robots":{"index":"index","follow":"follow","max-snippet":"max-snippet:-1","max-image-preview":"max-image-preview:large","max-video-preview":"max-video-preview:-1"},"canonical":"https:\/\/www.gvtarra.com\/tienda\/product\/nuestros-clasicos\/menestra-navarra\/","og_locale":"es_ES","og_type":"article","og_title":"Menestra Navarra (6u)","og_description":"La Menestra representa de una forma \u00fanica, lo mejor de la huerta de la Ribera Navarra. Esta compuesta de las verduras mas exquisitas y valoradas de la \u201ctemporada de invierno\u201d. Entre las que encontramos las tan conocidas alcachofas, variedad \u201cBlanca de Tudela, los esp\u00e1rragos, cultivados en toda Navarra que combinan a la perfecci\u00f3n con la dulzura de la zanahoria y la ternura de nuestros los guisantes. La Tienda Gvtarra lleva a tu casa toda la tradici\u00f3n hortofrut\u00edcola de la Ribera del Ebro en un solo plato, descubre nuestra regi\u00f3n con la Menestra Navarra Gvtarra.  PRODUCTO INCLUIDO (6 UNIDADES)   Menestra Navarra (6 unidades)","og_url":"https:\/\/www.gvtarra.com\/tienda\/product\/nuestros-clasicos\/menestra-navarra\/","og_site_name":"Tienda Gvtarra","article_modified_time":"2026-05-07T11:14:27+00:00","og_image":[{"width":2560,"height":1707,"url":"https:\/\/www.gvtarra.com\/tienda\/wp-content\/uploads\/2022\/01\/009Gvtarra_TiendaOnline_menestranavarra-scaled.jpg","type":"image\/jpeg"}],"twitter_card":"summary_large_image","twitter_misc":{"Tiempo de lectura":"1 minuto"},"schema":{"@context":"https:\/\/schema.org","@graph":[{"@type":"WebPage","@id":"https:\/\/www.gvtarra.com\/tienda\/product\/nuestros-clasicos\/menestra-navarra\/","url":"https:\/\/www.gvtarra.com\/tienda\/product\/nuestros-clasicos\/menestra-navarra\/","name":"Menestra Navarra (6u) - Tienda Gvtarra","isPartOf":{"@id":"https:\/\/www.gvtarra.com\/tienda\/#website"},"primaryImageOfPage":{"@id":"https:\/\/www.gvtarra.com\/tienda\/product\/nuestros-clasicos\/menestra-navarra\/#primaryimage"},"image":{"@id":"https:\/\/www.gvtarra.com\/tienda\/product\/nuestros-clasicos\/menestra-navarra\/#primaryimage"},"thumbnailUrl":"https:\/\/www.gvtarra.com\/tienda\/wp-content\/uploads\/2022\/01\/009Gvtarra_TiendaOnline_menestranavarra-scaled.jpg","datePublished":"2024-11-18T10:40:40+00:00","dateModified":"2026-05-07T11:14:27+00:00","breadcrumb":{"@id":"https:\/\/www.gvtarra.com\/tienda\/product\/nuestros-clasicos\/menestra-navarra\/#breadcrumb"},"inLanguage":"es","potentialAction":[{"@type":"ReadAction","target":["https:\/\/www.gvtarra.com\/tienda\/product\/nuestros-clasicos\/menestra-navarra\/"]}]},{"@type":"ImageObject","inLanguage":"es","@id":"https:\/\/www.gvtarra.com\/tienda\/product\/nuestros-clasicos\/menestra-navarra\/#primaryimage","url":"https:\/\/www.gvtarra.com\/tienda\/wp-content\/uploads\/2022\/01\/009Gvtarra_TiendaOnline_menestranavarra-scaled.jpg","contentUrl":"https:\/\/www.gvtarra.com\/tienda\/wp-content\/uploads\/2022\/01\/009Gvtarra_TiendaOnline_menestranavarra-scaled.jpg","width":2560,"height":1707},{"@type":"BreadcrumbList","@id":"https:\/\/www.gvtarra.com\/tienda\/product\/nuestros-clasicos\/menestra-navarra\/#breadcrumb","itemListElement":[{"@type":"ListItem","position":1,"name":"Portada","item":"https:\/\/www.gvtarra.com\/tienda\/"},{"@type":"ListItem","position":2,"name":"Tienda","item":"https:\/\/www.gvtarra.com\/tienda\/comprar\/"},{"@type":"ListItem","position":3,"name":"Menestra Navarra (6u)"}]},{"@type":"WebSite","@id":"https:\/\/www.gvtarra.com\/tienda\/#website","url":"https:\/\/www.gvtarra.com\/tienda\/","name":"Tienda Gvtarra","description":"","publisher":{"@id":"https:\/\/www.gvtarra.com\/tienda\/#organization"},"potentialAction":[{"@type":"SearchAction","target":{"@type":"EntryPoint","urlTemplate":"https:\/\/www.gvtarra.com\/tienda\/?s={search_term_string}"},"query-input":{"@type":"PropertyValueSpecification","valueRequired":true,"valueName":"search_term_string"}}],"inLanguage":"es"},{"@type":"Organization","@id":"https:\/\/www.gvtarra.com\/tienda\/#organization","name":"Tienda Gvtarra","url":"https:\/\/www.gvtarra.com\/tienda\/","logo":{"@type":"ImageObject","inLanguage":"es","@id":"https:\/\/www.gvtarra.com\/tienda\/#\/schema\/logo\/image\/","url":"https:\/\/www.gvtarra.com\/tienda\/wp-content\/uploads\/2023\/12\/cropped-Logo-Gvtarra-2017-min-scaled.png","contentUrl":"https:\/\/www.gvtarra.com\/tienda\/wp-content\/uploads\/2023\/12\/cropped-Logo-Gvtarra-2017-min-scaled.png","width":2560,"height":1315,"caption":"Tienda Gvtarra"},"image":{"@id":"https:\/\/www.gvtarra.com\/tienda\/#\/schema\/logo\/image\/"}}]}},"_links":{"self":[{"href":"https:\/\/www.gvtarra.com\/tienda\/wp-json\/wp\/v2\/product\/2078","targetHints":{"allow":["GET"]}}],"collection":[{"href":"https:\/\/www.gvtarra.com\/tienda\/wp-json\/wp\/v2\/product"}],"about":[{"href":"https:\/\/www.gvtarra.com\/tienda\/wp-json\/wp\/v2\/types\/product"}],"replies":[{"embeddable":true,"href":"https:\/\/www.gvtarra.com\/tienda\/wp-json\/wp\/v2\/comments?post=2078"}],"version-history":[{"count":10,"href":"https:\/\/www.gvtarra.com\/tienda\/wp-json\/wp\/v2\/product\/2078\/revisions"}],"predecessor-version":[{"id":17884,"href":"https:\/\/www.gvtarra.com\/tienda\/wp-json\/wp\/v2\/product\/2078\/revisions\/17884"}],"wp:featuredmedia":[{"embeddable":true,"href":"https:\/\/www.gvtarra.com\/tienda\/wp-json\/wp\/v2\/media\/2070"}],"wp:attachment":[{"href":"https:\/\/www.gvtarra.com\/tienda\/wp-json\/wp\/v2\/media?parent=2078"}],"wp:term":[{"taxonomy":"product_brand","embeddable":true,"href":"https:\/\/www.gvtarra.com\/tienda\/wp-json\/wp\/v2\/product_brand?post=2078"},{"taxonomy":"product_cat","embeddable":true,"href":"https:\/\/www.gvtarra.com\/tienda\/wp-json\/wp\/v2\/product_cat?post=2078"},{"taxonomy":"product_tag","embeddable":true,"href":"https:\/\/www.gvtarra.com\/tienda\/wp-json\/wp\/v2\/product_tag?post=2078"}],"curies":[{"name":"wp","href":"https:\/\/api.w.org\/{rel}","templated":true}]}}